e?
False
Suppose -171 - 45 = -6*r. Let b = r + -32. Suppose w + 3*w = -2*p + 94, -5*p - b*w + 253 = 0. Is p composite?
False
Let h = 3456 + -1498. Suppose 2*p + 2*w = -h + 8174, 4*p + 5*w - 12431 = 0. Is p a prime number?
True
Suppose 30 = 8*a + 2*a. Let l(q) = 2*q**2 - 5*q + 5. Let n be l(a). Suppose 6495 = f - 2*j, n*f - j - 32430 = 3*f. Is f prime?
False
Let t = -10 - -89. Let o = -79 + t. Is 0/(o - 2) + (-764)/(-4) composite?
False
Let f(c) = 25*c**2 - 14*c + 23. Let x be f(-11). Let h = 854 - x. Let v = h + 3467. Is v a composite number?
True
Let d be (-5 - -2 - 0) + -13204. Let t = d + 24256. Suppose 2*z - t = -z. Is z a prime number?
False
Is 62/155 - ((-22292)/20)/1 a prime number?
False
Let n(l) be the second derivative of 14*l**3/3 - 29*l**2/2 + 2*l - 18. Is n(15) composite?
True
Let f = -67529 - -111330. Is f a prime number?
True
Let u be 520/91 - (32/(-14) - -2). Let f(j) = -29 - u*j + 2*j - 20*j - 48*j. Is f(-8) a prime number?
True
Let v be 3 + -5 + -2 + (-2 - -1). Let c(k) = 85*k**2 - 5*k - 1. Is c(v) a prime number?
False
Let f(o) = 31 - 64*o**3 - 8*o**2 + 33 - o - 93. Is f(-6) composite?
False
Is (8826781/201)/(1 - 6/9) composite?
False
Suppose 479182 = k - m, 5*m + 5750049 = 12*k + 8*m. Is k composite?
True
Suppose 0 = -i - 0*d - d + 31, 3*d + 37 = 2*i. Suppose -3*w + 10 = -i. Let p(o) = 20*o**2 - 4*o + 29. Is p(w) prime?
True
Suppose -y = -5*k - 5*y + 35, 24 = 3*k + 3*y. Suppose 2*s - 2727 = -q, -k*q - 395 - 951 = -s. Is s a prime number?
True
Let y = -9602 + -856. Let p = -4324 - y. Is p a composite number?
True
Suppose 4*a - 1 = 19, k - 1804 = a. Let v(q) = -2*q**3 + 89*q**2 - 63*q + 144. Let f be v(44). Let p = k + f. Is p prime?
True
Let o(s) = -s**2 - 15*s - 24. Let r be o(-13). Suppose v = -5*q + 651, v - 643 = -r*q - q. Is v prime?
True
Suppose -50*k + 3 = -51*k + y, -5*y + 23 = -k. Let z = 598 - 403. Suppose 95 = k*w - z. Is w a composite number?
True
Is ((-80386)/12)/((-6)/21*(-357)/(-612)) composite?
False
Let c be -22*6/(-18) - (-1)/(-3). Suppose 3*h = -3, -3*x + h - c = -23. Suppose -2*j + 162 = 2*p, -x*p + 382 = j - 15. Is p a prime number?
True
Suppose -126*c + 70967643 = -9120099. Is c a prime number?
True
Suppose -51 = -10*r + 13*r - 3*o, -2*r = 5*o - 1. Suppose 4*y + 294 = y. Let f = r - y. Is f a composite number?
True
Suppose -8*h - 3*h = 1243. Let v = -109 - h. Suppose 4*j = r - 3163, -8*r = -v*r - 2*j - 12652. Is r prime?
True
Suppose -2*s + 10 = 0, -s = 2*g - 2*s + 3. Suppose -m + 0 + g = t, -3*t = 2*m - 2. Suppose -1 = -k, 3*c + 5*k - 566 = -t*k. Is c prime?
False
Let l(s) = 21*s + 14. Let m(k) = k + 3. Let d be m(-9). Let z be l(d). Let v = z - -159. Is v a composite number?
False
Let d(b) = -704*b + 20. Let y be d(-2). Let z = -643 + y. Is z a prime number?
False
Suppose 27604 = 4*g + 2*j, 808*g + 27596 = 812*g + 3*j. Is g prime?
False
Let d = 1268085 + -743284. Is d a prime number?
True
Suppose 3328 = -5*i - f, 5*i + 4*f + 1058 = -2264. Let w = i - -394. Let y = w + 539. Is y composite?
True
Suppose 0 = -197*h + 5284968 - 128099. Is h composite?
False
Let o be (2 - 1)/((-124)/(-20) - 6). Suppose -t - 2*u = -13593, 0 = -o*t + 5*u + 76667 - 8717. Is t prime?
True
Is (-48)/120*(-888235)/2 prime?
True
Let t = -2766 + 1446. Is ((-2)/4)/((-5)/t*-4) a prime number?
False
Let l = 17990 - 11109. Is l composite?
True
Let m = 445684 + -172781. Is m a composite number?
False
Let t(p) = 43*p - 32. Let x be t(10). Suppose 2*o - 2942 = -x. Let r = o + -581. Is r composite?
False
Let m(d) = 4861*d**2 - 19*d + 19. Is m(1) prime?
True
Let m be (-1 - -2)/(3/(-15)). Let a(p) = -33*p**3 - 7*p**2 - 2*p - 6. Let d be a(m). Suppose 2*z - d - 2776 = 0. Is z composite?
True
Suppose -105*r + 21024 = -89*r. Let w = 2401 - r. Is w a composite number?
False
Let m(r) = 9*r**2 + 2*r - 18. Let n be m(-18). Let z be 0/(-1) + n + 14. Suppose -4*i + 1438 = o + o, -5*i - z = -4*o. Is o composite?
False
Suppose 11*v - 8*v - 9138 = 0. Suppose -5*h + 4*r + v = -12777, 2*h - 6340 = -2*r. Let w = -2118 + h. Is w composite?
False
Let x be (1 - 63)*(-2)/2. Let u be x/10 - ((-29)/5 - -6). Suppose -u*v = v - 12131. Is v composite?
False
Let n be ((-373)/4)/((-1)/4). Suppose 4*l - 1879 - n = 0. Is l composite?
False
Suppose 3*t - 166468 = -6*x + 2*x, 2*x - 83234 = -4*t. Is x a prime number?
True
Suppose 4*s - x = 281016, -3*x = -22*x - 76. Is s a composite number?
True
Suppose -34037 = -17*z - 12498. Let l = -293 + z. Is l prime?
False
Let j(i) = 1042*i**2 - 123*i - 185. Is j(-18) prime?
True
Suppose 441*v - 430*v - 102619 = 0. Is v prime?
False
Suppose 0*r - 21250 = -5*r. Suppose 0 = 5*a + 5*a - r. Suppose 0 = -2*p - 3*p + a. Is p a prime number?
False
Let d be -11 + 6/10 + 12/30. Let b be ((-6)/2 - 0)/(d/10). Let c = b + 215. Is c prime?
False
Let u(f) = f**2 + 25*f - 41. Suppose -5*t + 3*r + 36 = 0, t - 2*r = -3*r + 12. Is u(t) prime?
False
Suppose -z - g = -3*g - 18, 5*z - 97 = 3*g. Suppose z*l - 5*l = 24585. Is l a composite number?
True
Let y = 211 + -202. Suppose 0 = y*o - 5236 - 17975. Is o prime?
True
Let l(t) = -165*t - 59. Let c be l(16). Let x = c + 4966. Is x a composite number?
False
Suppose -5*g - 3*b - 2*b - 15 = 0, 0 = -2*b - 8. Let c be (g + 4)/(-6 + 102/12). Is (-11565)/(-6) - c/4 composite?
True
Let s be 30/25*(-20)/(-6). Let k(d) = -157*d - 7. Let n be k(s). Let v = -328 - n. Is v prime?
True
Let a(l) = 77*l - 37. Let y(g) = 76*g - 36. Let u(f) = -3*a(f) + 2*y(f). Let c be u(-29). Let k = c + -549. Is k prime?
False
Let s(f) = -f**3 - 14*f**2 - 15*f + 18. Let c be s(-13). Suppose 0 = 3*x - 17 + c. Is 2/x - (-1)/(27/12669) composite?
True
Let g(a) = 40*a - 158. Let v be g(4). Suppose -5*n - 4*o = -42103, 4*n + 4*o - v*o - 33680 = 0. Is n a composite number?
False
Let s(z) = -z - 1. Let x(h) = -143*h - 7. Let c(d) = 2*s(d) - x(d). Let b = 8279 + -8271. Is c(b) a composite number?
True
Suppose 56*q - 4914313 = -18*q + 5456269. Is q composite?
False
Is ((-3)/6)/(6/245326)*468/(-78) prime?
True
Suppose 4546019 = 122*a - 114*a - 25804133. Is a composite?
True
Suppose 5*f = 5*h - 65583 + 22333, h - 8674 = -5*f. Is h prime?
False
Let m(c) = 6*c - 8. Let n be m(-7). Let x be 16/5 + (-40)/n. Suppose 4*p - 4*b - 4784 = -0*b, x*p - 5*b - 4779 = 0. Is p a prime number?
True
Let a = 169330 + -69179. Is a prime?
True
Let o(b) = -10072*b + 469. Is o(-24) a prime number?
True
Let f be (33627/22)/((-1)/(-14)). Suppose -3682 = 7*g - f. Is g a composite number?
False
Suppose -4*m = z - 45398, 4*m - z = 9*m - 56749. Is m a composite number?
False
Suppose 0 = -16*x + 262665 + 87168 + 2984039. Is x a prime number?
True
Suppose -5*q = -4*v + 43826, -15*v + 54778 = -10*v - 4*q. Suppose 3*l - z - v = 0, 0 = -3*l + 2*z - 6*z + 10979. Is l a composite number?
True
Suppose -508681 + 800307 = -26*n + 5186100. Is n a prime number?
True
Let m(k) = -k**3 - 39*k**2 + 39*k - 29. Let d be m(-30). Let y = d - -14428. Is y prime?
False
Let k = -66302 + 374221. Is k a composite number?
False
Let k(m) = -484*m - 40. Let w be k(-7). Let z = w - 1979. Is z composite?
True
Let f be (1/2)/(8/((-128)/(-4))). Is f*(21 - 21 - (-8402)/4) composite?
False
Let u = 2 - 15. Is -3 - -12642 - (-26)/u composite?
False
Let n be (5 - -40637) + (-1)/1. Let x = -23858 + n. Is x prime?
False
Let a(o) = o**3 + 61*o**2 + 70*o - 67. Is a(-30) a composite number?
False
Suppose -9*d + 150 - 132 = 0. Suppose -d*k + 6490 = -44004. Is k a prime number?
True
Suppose 3*k + 5*g = -324, 35 = 2*k - 5*g + 276. Let h = k - 19. Let w = 91 - h. Is w a prime number?
True
Let b be (-98)/(-147) - (-442)/(-6). Let c = b - -464. Is c prime?
False
Suppose 8*d - 5*d = -2*s - 11, 1 = s - 5*d. Suppose -2*g = 3*g + 60. Is (-7)/((s/16)/((-159)/g)) prime?
False
Let i(b) = 2*b**2 + 2*b - 49. Let v(r) = 14*r**3 - 2*r**2 + 1. Let x be 4/(-8)*(-4)/(-2). Let c be v(x). Is i(c) prime?
False
Suppose 0*j = 10*j - 50. Suppose j*c - 5*z + 2122 = 6082, 4*c + 5*z - 3123 = 0. Suppose -6*n + c = -791. Is n prime?
True
Let u = 11132 - 5393. Is (2*u/(-12))/((-10)/20) a composite number?
False
Suppose -51*n + 7339962 = -2045619. Is n prime?
True
Suppose 25*h - 2942652 = 17980351 - 1187978. Is h composite?
True
Suppose -2*h - h = 3, 2*h - 2829 = -q. Is q a composite number?
True
Let o be ((-25)/50)/((-2)/28). Suppose -15944 